 2*h**2 + 7*h + 5. Let g be u(-2). Let i(d) = 2*d**2 - 12*d - 10. Determine i(g).
4
Let i(m) = 18*m + 13*m - 33*m - 3 + 4. Calculate i(-1).
3
Let l(i) = -2*i - i**3 - 11 + 2 - 5 - 15*i**2 - 2. Determine l(-15).
14
Suppose 116*i + 84 = 112*i. Let d(b) = -b - 13. Calculate d(i).
8
Let f be 24/(-20)*1/((-4)/10). Suppose -f*q + 1 = -4*q. Let j(y) = -17*y**2 - 1. Calculate j(q).
-18
Let n(g) be the second derivative of -g**2 - 2/3*g**3 - 11*g - 1/4*g**4 + 0. Give n(-2).
-6
Let y = -273 + 553/2. Let t(b) be the first derivative of b - y*b**2 + 4 - 1/3*b**3. Determine t(-7).
1
Suppose 5*d - 4*p - 65 = 0, -8*p + 12*p = 0. Suppose -10 = 2*v - v. Let n = d + v. Let g(i) = -3*i + 3. Calculate g(n).
-6
Let n(m) = -m**2 + 15. Let t = 241 + -241. Determine n(t).
15
Suppose -2*l = 8, -4*p = -3*l + 2*l - 64. Let o(j) = -6*j - 9 - j**3 + 16 - p*j**2 + 23*j**2. Calculate o(7).
14
Let v(n) = -n - 12. Let m = -16 - -4. Let x be v(m). Let z(q) = -q**2 + q - 4. Calculate z(x).
-4
Let m(h) = -h**2 + 4*h. Let w be -1 + 33/27 - (-1276)/(-396). What is m(w)?
-21
Let x(k) = -k**3 + k**2 + k - 24. Let p be (4 - 1) + 4 - 7. Calculate x(p).
-24
Suppose 6*w + 70 = w. Let p be -7 + -1 - w/7. Let q(t) = -3. Let a(d) = -d + 9. Let y(v) = -2*a(v) - 7*q(v). Determine y(p).
-9
Suppose -11 = -b - f, -7*f - 53 = -5*b - 10*f. Let t(m) = m**3 - 9*m**2 - 8*m - 7. Calculate t(b).
13
Let i = 320 + -322. Let r(m) = -3*m**3 + m**2 - m. Determine r(i).
30
Let m(g) = -g + 4. Suppose 42 = 5*t - 288. Suppose -t = -w - 10*w. Give m(w).
-2
Let a = 26 + -26. Suppose 0 = -a*o + 3*o - 12. Let d(p) = 2*p - 3. What is d(o)?
5
Let z(v) = v + 3. Suppose -433*d + 423*d - 40 = 0. Calculate z(d).
-1
Let d(s) = -s + 1. Let n be -10 - -4*(-1)/(-1). Let q be d(n). Suppose -y = -2*f - 0*y + q, -2*f + 1 = -3*y. Let j(u) = u**3 - 5*u**2 + 6. Give j(f).
6
Suppose 4*h = 5*z + 33 + 1, 0 = -5*h - z + 28. Let r(u) = -24*u - h + 12*u + 13*u. Calculate r(-10).
-16
Let f = -23 - -30. Let t(c) = 0*c**2 - 6*c - 8*c + c**2 + 7 + f*c. Determine t(6).
1
Let a(m) = -m**3 - 2*m**2 + 2*m. Suppose 0 = -282*h + 295*h - 26. What is a(h)?
-12
Suppose 4 + 2 = 3*g. Let w = -11 - -12. Let d(o) = -o - w - 5 + 0*o**2 + 2*o**2 + 5. Calculate d(g).
5
Let p(w) = -w**3 - 7*w**2 - 7*w - 3. Let b(i) = 2*i**2 - 1 - 3 + 3*i**3 - 2*i**3 - 3*i + i**3. Let g be b(-2). Calculate p(g).
3
Let n(w) = 2*w + 2. Let g(r) = r**3 + 11*r**2 + 19*r + 9. Let k be g(-9). Suppose l + 3 - 1 = k. Determine n(l).
-2
Let o(f) = -f**3 - 4*f**2 - 3*f + 4. Let h be o(-4). Suppose h + 6 = 2*g. Let z(v) = v - 3. Let b(i) = -6*i + 14. Let d(j) = g*z(j) + 2*b(j). Give d(0).
-5
Let z(r) = r - 6. Suppose 5*w - 3*h = 3, -1 = -0*w - 2*w + h. Calculate z(w).
-6
Let d(x) = 4*x**3 - x**2 - 1. Let t(r) = r**3 - r**2. Suppose 0 = -4*m + 5*f + 40, 6 = m - 3*f - 11. Let p(o) = m*t(o) - d(o). Determine p(4).
1
Let w(u) = 0*u**2 + 7*u - 3*u**2 + 2*u**2. Suppose 420 = 49*r + 11*r. What is w(r)?
0
Let c(h) = -h + 2. Let t be (-118)/(-2*(1 - 2)). Let s = -66 - t. Calculate c(s).
9
Let x(t) = 5*t + 6. Suppose -16*o = -14*o - 48. Suppose 12*g = 6*g - o. Calculate x(g).
-14
Let c(a) = a**3 + 4*a**2 - 3*a - 1. Let p(h) be the second derivative of 1/6*h**3 + 0 - h - 13/2*h**2. Let b be p(9). What is c(b)?
11
Let t(u) be the third derivative of u**7/315 + u**6/720 + u**5/15 - 5*u**2. Let a(g) be the third derivative of t(g). Calculate a(1).
17
Let d = -4 + 8. Suppose -d*c = -4*m + 36, 3*c = 7*c + 20. Suppose 7 = m*k - j, 4*j + 8 = -5*k + k. Let v(z) = 9*z - 1. Determine v(k).
8
Let a(z) = -2*z + 3. Let u be a(4). Suppose -5*o + 10 = -0*o. Let x(h) = -2*h**2 + 0 + 2 - h**3 - o*h**2 + 3*h + 0. Calculate x(u).
12
Let s(m) = m**3 + 4*m**2 - 5*m + 5. Let a(r) = -r**3 - 5*r**2 + 6*r - 3. Let k(v) = 5*a(v) + 6*s(v). Calculate k(0).
15
Let d = -246 + 249. Let n(m) = -m**2 + 3*m - 2. What is n(d)?
-2
Suppose 2*a - 21 = -2*g + a, 9 = g + a. Suppose 0 = -g*r + 7*r. Let m(j) = j**2 + j - 1. What is m(r)?
-1
Let b(l) be the third derivative of -l**5/60 + l**4/12 - 2*l**3/3 - 8*l**2. Calculate b(0).
-4
Let t(i) = 5*i**2. Let d(x) = 11. Let c(w) = -w. Suppose 0 = 5*h + o - 2*o + 3, -h + 2*o = -3. Let v(b) = h*c(b) + d(b). Let y be v(-12). Determine t(y).
5
Suppose 3*v - 13 = -4. Let u(b) = -2*b**2 - 2*b**3 + 4*b - b**2 + b**2 + 5*b**2. Determine u(v).
-15
Let q(c) = -5*c**2 + 11*c + 3. Let s(x) = x**2 - 3*x - 1. Let d = 15 - 15. Let w be (-3 - d)/1*-3. Let a(k) = w*s(k) + 2*q(k). Give a(-3).
3
Let s(m) be the third derivative of m**5/60 + 5*m**4/24 + 2*m**3/3 - 1571*m**2. Suppose -4*a - 27 = 3*i + 12, 5*a + 3*i + 51 = 0. Let g = a + 6. Give s(g).
10
Suppose -5*q = -2*d - 17 + 7, 3*q - 25 = 5*d. Let c(u) = u**2 + 5 + 11 - 11 + u. Give c(q).
5
Let c(v) = -3*v + 9 + 8 + v**2 - 29 + 8. Calculate c(5).
6
Let n(d) = 3*d - d - 2*d + 3*d + 32 - 5*d. What is n(19)?
-6
Let x(r) = r + 22. Suppose n = c + 27, 5*n = -0*n. Let p be x(c). Let w(z) = z + 1. Determine w(p).
-4
Let a(p) = -2*p + 8. Let v = -246 + 257. Determine a(v).
-14
Suppose -3*j = -5*o + 7, 7*o - 5*j - 22 = 9*o. Let x(a) = -6*a + 7. Let s(k) = 3*k - 3. Let d(n) = -9*s(n) - 4*x(n). Calculate d(o).
2
Suppose -3*z - 3*c = -9, -3*z + 3*c = -34 + 13. Suppose 0*g + 65 = 5*x - 5*g, x + z*g = -11. Let r = x - 7. Let v(w) = -2*w**2 + 2*w. Calculate v(r).
-4
Suppose 5*u + 4*h = 10 - 6, -4*u = 3*h - 4. Let y(i) = -8*i + 38. Let w be y(u). Let c(z) = z**3 - 7*z**2 + 6*z + 4. Calculate c(w).
4
Suppose 50*d - 41*d - 36 = 0. Let c(m) = 5*m + m**2 - 2*m**2 - 4*m. Let l(k) = -7*k**2 + 10*k + 5. Let y(s) = 6*c(s) - l(s). Calculate y(d).
-5
Suppose -2*o - 5*v + 9 + 5 = 0, -3*v = 5*o - 16. Suppose 31*w - 28*w - 21 = 0. Suppose -o*x - 5*u = w, 0*u + u = -5*x - 29. Let b(c) = c + 6. Give b(x).
0
Let d = 72 - 112. Let o be (-10)/d + (-11)/(-4). Let r(x) = 3*x**2 + 10*x + 1. Let k(u) = -4*u**2 - 11*u - 2. Let y(j) = 4*k(j) + 5*r(j). What is y(o)?
6
Suppose -10*q - 100 = 420. Let c = -46 - q. Let k(r) be the third derivative of -r**6/120 + r**5/10 - r**4/12 + 3*r**3/2 + r**2. What is k(c)?
-3
Let y(p) be the first derivative of p**3/3 + 3*p**2/2 + p - 66. Calculate y(-3).
1
Let h(r) = -10 + 20*r - 2*r**3 + r**2 + r**2 + 8 + r**3 - 18*r. What is h(-2)?
10
Let h(u) = 4*u + 16. Let a(m) = -5*m + 35. Let j(l) = l - 12. Let i(k) = -2*a(k) - 7*j(k). Let b(c) = 5*h(c) - 6*i(c). Determine b(5).
6
Let v(u) = 42 + 41 + 38 - 118 - u. Calculate v(6).
-3
Let r(c) be the third derivative of -c**6/240 - c**5/30 + 5*c**4/24 - 30*c**2 - 1. Let y(a) be the second derivative of r(a). Calculate y(4).
-16
Let w(j) = -3*j**3 + 57*j**2 + 3*j - 63. Let x be w(19). Let g(a) = a**3 + 7*a**2 + 9*a + 8. Determine g(x).
-10
Let a(j) = -j - 1. Let h(p) = 4 + 2*p - 4 + 3 - 5. Let l(d) = -a(d) + h(d). Give l(-4).
-13
Let i(g) = 32*g**2 + 12*g - 42. Let q(r) = -13*r**2 - 5*r + 17. Let t(p) = -5*i(p) - 12*q(p). What is t(3)?
-30
Let l(m) = 2 - 2*m + 8 + m. Let y(r) = r**2 + 65*r + 906. Let s be y(-45). Determine l(s).
4
Let k(u) = -5*u**2 - 5*u - 9. Let i(d) = -4*d**2 - 4*d - 8. Let m(s) = -6*i(s) + 5*k(s). Suppose -6*c - 22*c = 63*c + 63*c. Calculate m(c).
3
Let b(g) be the second derivative of 0 - 1/6*g**4 - 1/20*g**5 + 2*g**2 + 5/6*g**3 - 13*g. What is b(-3)?
-2
Let z be (1/(-3))/((-15)/225). Suppose -z*g + 40 + 5 = 0. Let j(o) be the second derivative of -o**3/3 + 6*o**2 - o. Give j(g).
-6
Let s(k) = -3*k**2 + 1275*k - 2 - 639*k - 639*k. Calculate s(-2).
-8
Let w(z) = -z + 4. Let i be 90/9 + (-3 - 1). Let c be 24/(-16)*(-16)/i. What is w(c)?
0
Let t(a) be the second derivative of -a**4/6 - a**3/3 + 7*a**2/2 - 178*a. Give t(2).
-5
Let z(f) = 3*f**2 + 12*f**2 + 5*f**2 + 6*f + 68 - 21*f**2. What is z(-6)?
-4
Let j(f) = -f**3 - 3*f**2 + 6*f - 6. Let l = 50 + -34. Let m be (-55)/20*(-8)/2. Let v = m - l. Give j(v).
14
Let g(o) = -1 - 2*o**2 + 4*o**2 - 3 + 2*o**2 + 18*o. Let v be g(-5). Let i(n) = -n**2 + 8*n - 8. Calculate i(v).
4
Let t(j) = -13*j**2 - 13*j - 1. Let u(p) = 7*p**2 + 7*p + 1. Let q(f) = 6*t(f) + 11*u(f). Let x be 2886/(-740) - 2/20. Determine q(x).
-7
Let k(p) be the third derivative of p**4/2 + p**3/2 - 127*p**2. Give k(-2).
-21
Let r = -4 - -2. Let i(q) be the second derivative of 3/2*q**2 + 1/2*q**3 + 1/6*q**4 - 6*q + 0 + 1/20*q**5. What is i(r)?
-3
Let i(g) = g**3 + 3*g**2 + g - 4. Let n